(-7). Suppose 8 = 5*m - 4*q, -f*q - 6 = m - 4*m. What is the remainder when 5 is divided by m?
1
Let v(c) be the second derivative of 5*c**3/6 - 2*c**2 + 4*c. What is the remainder when v(5) is divided by 11?
10
Let b(w) = 2*w + 22. Let n be b(0). Suppose -2*k + n = -4. Calculate the remainder when 166 is divided by k.
10
Suppose -34*d + 124 = -46. Calculate the remainder when 66 is divided by d.
1
Suppose -5*g = -5*c - 0*c + 5, -5*g + 11 = -c. Suppose 22 = g*m - m. Calculate the remainder when 32 is divided by m.
10
Let g(j) = -25*j + 17. Let s be g(2). What is the remainder when 32 is divided by 80/6 + 44/s?
8
Suppose 22 = 3*d - 23. Suppose l - 30 = -4*f, f + d = 6*f. What is the remainder when 48 is divided by l?
12
Let t(z) = -z + 6. Let p be t(6). Suppose 3*x + p - 2 = -2*n, 6 = x - 2*n. Let c = x + 12. What is the remainder when 69 is divided by c?
13
Let r = 65 + -40. Let p(b) = -21*b**2 + 3*b - 5. Let y(n) = 11*n**2 - 2*n + 2. Let m(d) = -6*p(d) - 11*y(d). What is the remainder when m(-4) is divided by r?
22
Suppose 4*g + 22*u = 20*u + 300, -20 = -5*u. Let p(n) = -n**3 + 8*n**2 + 10*n + 10. Calculate the remainder when g is divided by p(9).
16
Let h(w) = -w**3 + 11*w**2 - 14*w - 6. Calculate the remainder when 87 is divided by h(9).
27
Suppose 0 = -2*f - 5*d + 76, f - 3 = d + 49. Suppose m + f = -3*m - c, 36 = -3*m + 4*c. Calculate the remainder when 38 is divided by m/(-60) - (-49)/5.
8
What is the remainder when (-1)/3 + -75*(-80)/72 is divided by 37?
9
Let q(z) = 26*z + 17. Let g(o) = 9*o + 6. Let n(a) = -11*g(a) + 4*q(a). What is the remainder when 70 is divided by n(7)?
33
What is the remainder when 4842/18 + 1*2 is divided by 99?
73
Suppose 114 = 7*m - m. Let h = m - 12. Let y = 16 - h. Calculate the remainder when y is divided by 5.
4
Let y = 647 - 631. Suppose b - 228 = -2*f + 5*b, 364 = 3*f + 5*b. Calculate the remainder when 2 + f/(0 + 2) is divided by y.
13
Let g = -474 + 506. Suppose 4*k = 0, i - 6*i + 4*k = -80. Suppose -4*d + 70 = 2*y, 0*d - i = -d + y. Calculate the remainder when g is divided by d.
15
Suppose 4*l - 2*g - 28 - 30 = 0, 5*l + 4*g - 92 = 0. Suppose 47 + l = 3*m. Calculate the remainder when 74 is divided by m.
11
Let s be -24*((-44)/(-6))/(-2). Let l(t) = 6*t**2 - 252*t - 44. Let v be l(42). Let i = v + s. Calculate the remainder when i is divided by 15.
14
What is the remainder when -12*1*(297/(-12) + 10) is divided by 45?
42
Suppose 4*c - 58 = r, 4*c - 6*c = -3*r - 34. What is the remainder when 33 is divided by c?
5
Suppose -598*x = -620*x + 154. Suppose 2*k + 15 = 3*a, 4*a + 2*k = -2*k. Calculate the remainder when x is divided by a.
1
Calculate the remainder when 93 is divided by ((-75)/6)/(1*3/(-6)).
18
What is the remainder when 141 is divided by (-147 - 3)*29/(-58)?
66
Let s(d) = -24 - 15*d**2 - d**3 - d**2 + 6 - 10 - 21*d. What is the remainder when s(-15) is divided by 5?
2
Let v(k) = 4*k**2 + 26*k + 29. Calculate the remainder when v(-6) is divided by 4.
1
Let r(z) = 0 + 4 - 20*z - 1 - 2. Calculate the remainder when r(-1) is divided by -10*(-3)/(-6) - -11.
3
Let m = -78 - -79. Suppose z - 59 = -5*q + 9, -q + m = -4*z. Calculate the remainder when q is divided by 7.
6
Let u(l) = 10*l**3 + 3*l**2 + 3*l - l**3 - 8*l**3 - 8*l**2. Suppose 10*n + 24 = 14*n. Calculate the remainder when u(n) is divided by 14.
12
Suppose 0*h = -4*h + 2*p - 22, -2*h - 15 = -5*p. Let m(x) = 628*x**3 - 1253*x**3 + 3*x + 624*x**3 - 4*x**2. What is the remainder when 29 is divided by m(h)?
9
Suppose -v - 4*p + 5*p = -20, v = 3*p + 26. What is the remainder when 32 is divided by v?
15
Suppose -4*p = 5*a + 20, 5*a + 8*p = 5*p - 25. Let b(o) = -8*o - 25. What is the remainder when b(a) is divided by 14 + 1 + (-2 - -1)?
11
Let z(g) = -g**2 + 12*g - 3. Let y be z(12). Let b = 15 + y. What is the remainder when 21 is divided by b?
9
Suppose -5*d + 10 = -2*z, 0 = 19*d - 18*d - 4*z - 2. Suppose -d*p + 0*t + 296 = 4*t, -t - 444 = -3*p. What is the remainder when p is divided by 50?
48
Let l(a) be the first derivative of a**4/4 + 7*a**3/3 + 6*a + 12. Let w be l(-7). Suppose w*c - 3*c - 45 = 0. Calculate the remainder when 42 is divided by c.
12
Suppose 75*d - 70*d - 556 = 4*h, -444 = -4*d + 4*h. What is the remainder when d is divided by 3?
1
Let n(a) be the second derivative of -a**3/3 + 21*a**2/2 - 25*a. What is the remainder when 9 is divided by n(9)?
0
Let s(u) be the first derivative of -u**2/2 - 3*u + 1. Let h = -39 - -41. Calculate the remainder when h is divided by s(-4).
0
Suppose 3*g - 2*g - 6 = 3*u, -u + 58 = 3*g. Let x(l) = -l**3 - 10*l**2 + 8*l + 1. What is the remainder when x(-11) is divided by g?
16
What is the remainder when 95 is divided by (3/(-2) - (-3)/(-1))*-4?
5
Calculate the remainder when (-365118)/(-117) + (-10)/6 is divided by 120.
119
Suppose 9 - 189 = -5*x. Calculate the remainder when 318 is divided by x.
30
Suppose 4*d - 96 = -4*r, 4*r + 39 = d - 0*r. What is the remainder when 66 is divided by d?
12
Let p be 1 - (3/(-3) - 0). Suppose 4*a - 2 = 2*a. What is the remainder when a + 34 - 1 - p is divided by 11?
10
Let u = 20 - 17. Suppose 2*g + u = 13. Suppose 35 - g = 3*j. What is the remainder when 15 is divided by j?
5
Suppose -4*t + x = -3*x - 96, -3*t + 4*x + 75 = 0. Let i = 852 + -841. What is the remainder when t is divided by i?
10
Suppose -5*v = -10*v + 160. Suppose -y + v = y. Calculate the remainder when ((-5)/2 - -2)*-92 is divided by y.
14
Suppose -3*f + 5*c + 9 = -4, -5*f + 3*c + 43 = 0. Calculate the remainder when 54 is divided by f.
10
Let v = -786 + 865. Calculate the remainder when 314 is divided by v.
77
Suppose -2*j = 3*j + 4*b - 152, 66 = 2*j - b. Let n = -21 + j. Calculate the remainder when (-4)/(-14) - (-299)/7 is divided by n.
10
Let g = 13 + -12. Suppose g = -z + 12. What is the remainder when (87 - 1)/2 - 1 is divided by z?
9
Let z be 1/4 + (-42)/8. Let n(f) = -f - 4. Suppose 5*g - 1 = 4*g. What is the remainder when n(z) is divided by g?
0
Let u(t) = 3*t. Suppose -2*a + 3*p = a + 9, -2*p = -3*a - 4. Let y(m) = m**3 + 3*m**2 + 3. Calculate the remainder when u(a) is divided by y(-3).
0
Suppose -6*w + w = -5*r - 120, 0 = w + 5*r - 54. Let v = w + -26. Suppose -3*o = f - 18, -2*f - 2*f = -v*o - 87. What is the remainder when 60 is divided by f?
18
Let c(y) = 7 - 8*y**2 + 3*y**3 - 3*y - 4*y**3 - 4. What is the remainder when c(-8) is divided by 15?
12
What is the remainder when 6/4 - 1 - (-51435)/270 is divided by 3?
2
Let d(u) = -u**2 - 5*u + 6. Let z be d(-6). Suppose z*m + 4*m = -5*k + 96, 0 = 5*k. What is the remainder when m is divided by ((-12)/(-90) - (-7)/35)*27?
6
What is the remainder when -170*(-1 + 1/8*4) is divided by 47?
38
Let z = 2 - -1. Let x(p) = -2*p - 9. Let s be x(6). Let q = s + 25. Calculate the remainder when q is divided by z.
1
Let d(t) = -103*t. What is the remainder when d(-1) is divided by 13*((3 - 4) + 3)?
25
Let x(v) = 3 - 5*v - 5 + 15*v. Let o be -2*5/(-2) - 32/8. What is the remainder when 29 is divided by x(o)?
5
Suppose 5*b - 31 - 3 = -2*n, -b - n = -8. What is the remainder when b is divided by 4?
2
What is the remainder when ((-244)/6)/(38/(-57)) is divided by (-3)/15 + (-106)/(-5)?
19
Let a(g) = 5*g**2 - 6*g - 17. Let s be a(9). Suppose -s = -5*c - 54. Let l = c + -37. Calculate the remainder when l is divided by 7.
5
Let u(l) = l**2 - 15*l - 63. What is the remainder when (-6)/(-15) - 108/(-5) is divided by u(-4)?
9
Suppose -56 = 8*c - 672. What is the remainder when 85*(-1 + 2) + c + -75 is divided by 23?
18
Let c = -196 + 204. Calculate the remainder when 151 is divided by c.
7
Suppose -9*c = -0*c - 297. What is the remainder when 426 is divided by c?
30
Let n = 90 - 82. What is the remainder when 13 is divided by n?
5
Let c be (-2 - -3) + (1 - -2)*6. Calculate the remainder when 33 is divided by (8 + 0)*c/38.
1
Suppose -27*z = -23*z - 240. Suppose -z = -8*r + 4*r. Calculate the remainder when 72 is divided by r.
12
Suppose 2*n = 69 - 5. Let m be (-1 - 6/(-3)) + 113. Let w = m - n. Calculate the remainder when w is divided by 21.
19
What is the remainder when 95 is divided by ((-264)/110)/((-12)/100)?
15
Suppose -24 = 3*y - 5*y + t, 0 = 2*y - 4*t - 12. Suppose -159 = -5*b + 36. Calculate the remainder when b is divided by y.
11
Suppose -